t y(l) = l**2 - 8*l + 7. Suppose 0*c + c = 5*z - 38, -5*z + 44 = -3*c. Let m be y(z). What is u(m)?
-3
Let n(x) = 6*x + 1. Let j(f) = 20*f**2 - f. Let u be j(-1). Let g = u - 23. What is n(g)?
-11
Let u(o) = -7*o + 2. Let k(g) = 3*g - 1. Suppose -5*j + 2*j - 30 = 0. Let q(y) = j*k(y) - 4*u(y). Give q(4).
-6
Let b(c) = -c**2 - c - 5. Let d be (1 - 1)/(2 - 4). Suppose 2*t - t = d. Give b(t).
-5
Let k(x) = -x**2 - 10*x - 3. Let u be k(-10). Let q(p) = -3*p + 8. Let w(i) = -6*i + 15. Let s = -9 + 15. Let l(v) = s*w(v) - 11*q(v). Determine l(u).
11
Let f(l) = -l**3 - 5*l**2 - 6. Suppose -3*w + 7 = -2*h, 5*w + 23 = -4*h + 2*w. Calculate f(h).
-6
Let r(b) = 8*b - 4*b - 4*b + 15 + b. Calculate r(-10).
5
Let n(u) = -4*u**2 + 8*u - 7. Let g(t) = 5*t**2 - 7*t + 8. Let c(y) = -3*g(y) - 4*n(y). What is c(8)?
-20
Let b(u) = -8*u**2 + 17*u**2 - u**3 - 2 - 3*u - 13*u**2. Determine b(-3).
-2
Suppose -f + 3*m = m + 4, -3*m - 15 = -5*f. Let s(u) = -u**2 + 6*u - 4. What is s(f)?
-4
Let q = 5 - -3. Let r = q + -5. Let b(x) = 1 - x**r + 2*x - 3*x + x**2 + 2. Give b(0).
3
Let g be (-2)/(-4)*0/(-1). Suppose g = -3*l + 6 + 12. Let f(o) = -2*o + 9. Calculate f(l).
-3
Let c(h) = h**3 + h**2 - 1. Let b(t) = -t**2 - t. Let r(m) = -8*m**2 - 13*m - 4. Let f(d) = 6*b(d) - r(d). Let n be f(-3). Determine c(n).
1
Let n be 1/(-2) + 7/2. Let k(g) = n - 2*g + 0 - 1. Let c(h) = h**2 + 19*h + 52. Let y be c(-16). What is k(y)?
-6
Let n(m) be the first derivative of -m**2/2 - 3*m - 1. Suppose 0*z = -2*z + 6. Let g be 3 + (-3 - (z - 6)). Calculate n(g).
-6
Let m(h) = 2*h + 10. Let k be m(-4). Let y(c) = c**3 - 2*c**2 - c + 1. Let z(g) = -g + 1. Let s(u) = y(u) + 2*z(u). Determine s(k).
-3
Let p(z) = 2*z**2 + z + 2. Let a(t) = -t**2 - 2*t - 3. Let y(v) = 2*a(v) + 3*p(v). Let r be ((-6)/8)/((-2)/(-24)). Let q be r/(-7) - (-2)/(-7). What is y(q)?
3
Let x(s) = s**2 + s - 5. Let m be x(-3). Let u(i) be the second derivative of i**3/6 - i**2/2 - i. Give u(m).
0
Let g(n) = -5*n**3 + n**3 + 3*n**3 + 0*n**2 - 3*n**2 - n + 2. Give g(-3).
5
Let h(o) = 2*o. Suppose -5*t = 3*b + 1, 4*t + 2 = -4*b + 6. What is h(t)?
-4
Let m be (2 - 1) + (1 - -1). Let y(c) = -m - 6*c**2 - 7*c**3 + 2*c - 3 + 8*c**3 - 1. Give y(6).
5
Let t(z) = 2*z**3 + 2*z**2 + z. Let p be t(-1). Let i(c) = -5*c + 1. What is i(p)?
6
Let y(h) = -3*h**3 + 2*h - 1. Let t be y(1). Suppose 0 = 7*p - p - 18. Let o(x) = 9 - p*x + 9 + 2*x**2 - 21 + 2*x**3. Determine o(t).
-5
Let u(g) = 6*g**2 + g - 2. Let m(d) = -5*d**2 - d + 3. Let y(a) = 7*m(a) + 6*u(a). Determine y(0).
9
Suppose 2*w = -2*b - 2*b + 18, 4*w - 22 = -b. Let x(a) = -1. Let u(d) = -4*d + 6. Let g(l) = u(l) + 3*x(l). What is g(b)?
-5
Let r(p) = -5*p**2 - 1. Let u = 2 + -4. Let x be (u/10)/(4/(-20)). Give r(x).
-6
Let z(p) = -249 + 249 - 7*p + p**2. Give z(8).
8
Let h(u) = -u**3 + 6*u**2 - 6*u + 2. Let a(r) = -3*r. Let y(n) = 10*n. Let p(v) = 21*a(v) + 6*y(v). Let i be p(4). Let d = 17 + i. Calculate h(d).
-3
Let k(u) = -u**2 - 2*u - 2. Let b be k(-2). Let c(w) = -w**3 - 6*w**2 - 2*w + 1. Give c(b).
-11
Let x(p) = 7*p + 9. Let k(q) = -114*q - 144. Let j(i) = 2*k(i) + 33*x(i). Calculate j(-6).
-9
Let v(f) = f**2 - 6*f + 2. Let i be -3 + (-90)/(-12) + (-3)/(-6). What is v(i)?
-3
Let b(c) = -c - 3. Let i be b(-3). Let h be i + 5/((-10)/(-4)). Let d(x) = -h*x - 1 + 2*x + x**3 - x - x**2. Calculate d(2).
1
Let b be (-4)/(-2) - (5 - -3). Let w be ((-30)/20)/(b/(-16)). Let i(t) = -2*t - 4. Calculate i(w).
4
Let t(p) = p**2 + 3*p - 1. Let k be (40/(-12))/((-2)/(-6)). Let y(z) = z**2 + 10*z + 3. Let d be y(k). Let w be (-11)/d - 3/9. Give t(w).
3
Let c(x) be the second derivative of 0 + 5*x - 1/6*x**3 - 1/12*x**4 + 0*x**2 + 1/20*x**5. Suppose z + z = -v - 1, 3*v = 2*z + 5. What is c(z)?
-1
Let n(r) = r**3 - r**2 - 2*r + 1. Let z = 70 - 68. Calculate n(z).
1
Suppose c = -4*v - 0*c - 49, 2*v = 5*c - 19. Let k be 1/(-3) + 8/v. Let t = k - 1. Let n(z) = -2*z**2 - 3*z - 1. Determine n(t).
-3
Let h(o) = -4*o + 22. Let m be h(5). Let j(c) = -c**2 + 3*c - 1. Determine j(m).
1
Let n(o) = 2*o**2 - 3*o + 7. Let m(j) = -2*j**2 + 9*j - 6. Let k(w) = -w**2 + 4*w - 3. Let s(h) = -5*k(h) + 2*m(h). Let b(z) = 2*n(z) - 5*s(z). Determine b(3).
2
Let y(d) = -d**3 - d - 1. Let l be y(0). Let z(r) = -4*r**2 - 2*r - 1. Give z(l).
-3
Let o = -12 + 15. Let n(g) = -4*g + 6*g**2 - 2*g - 16*g**o + 1 + 15*g**3. Give n(4).
9
Let l(m) = -2*m + 5. Suppose 0 = -6*a + 6 - 36. Calculate l(a).
15
Suppose -3*f + 21 = 2*k, 4*f - 23 = -2*k - f. Let o(x) = x**3 - 9*x**2 - x + 3. Let u be o(k). Let h be (2/3)/(2/u). Let z(g) = -3*g + 2. Determine z(h).
8
Let d(o) = -o**3 - 3*o**2 - o - 2. Let s = -2 - -6. Let l = s + -7. Give d(l).
1
Let c = 5 + -9. Suppose -10 = 3*h + 2*r, 5*h - 3*r - 10 = -r. Let n(i) = h - 4*i - 1 + 2*i. What is n(c)?
7
Let u(f) = -20*f + 21*f + 3 + 6 + 2. Give u(-7).
4
Let b(s) be the first derivative of -s**2/2 + 6*s + 2. Let r be (-8 - 1)*(-2)/6. Suppose -f = -r*f + 10. Calculate b(f).
1
Suppose 3 = -8*y + 19. Let f(t) = -5*t + 2. Determine f(y).
-8
Let q = 20 + -18. Let u(p) = -2*p + 3. Give u(q).
-1
Suppose m + 14 - 48 = -5*j, 0 = -5*j - 4*m + 46. Let k be (-1)/4 + (-82)/(-8). Let p(v) = j*v - 10 + k - 2. Determine p(-2).
-14
Let l = 12 - 0. Suppose 5*s - l = s. Let k(d) = 2*d**2 - d - 1. Let c(x) = -8*x**2 + 3*x + 3. Let h(a) = 2*c(a) + 9*k(a). What is h(s)?
6
Suppose -2*w = -5*n - 30, -3*w = -n + 3*n - 7. Let v be (4/5)/(2/w). Suppose 3*a - 2 = v*a. Let b(k) = k**3 - k**2 + k - 2. Calculate b(a).
4
Suppose -5*k + 4*i = -34, 5*k + 5*i = -0*k + 70. Suppose -k = 3*c + 5. Let h(p) = -p**3 - 5*p**2 - 3. Give h(c).
-3
Let q(k) = k**3 + 3*k**2 - k + 5. Suppose -5*i + 5*j = 45, 4*i = -2*j - 2 - 4. Determine q(i).
-7
Suppose 4*i - 13 - 11 = 0. Let b be 1 - (i - (-3 + 3)). Let c(q) = -q**3 - 6*q**2 - 5*q + 3. Give c(b).
3
Let f(w) = -13*w + 1. Let n = -14 + 15. What is f(n)?
-12
Let g(c) = 4*c**2 + 8*c - 2. Let b be 57/9 - (-4)/6. Let y(r) = 9*r**2 + 17*r - 4. Let u(h) = b*g(h) - 3*y(h). Determine u(-5).
-2
Let v(p) = -p**3 - 5*p**2 - 2*p - 3. Let h be (-7)/(-3) - 1/3. Suppose -s = h*a - 5 - 2, -5*a + 25 = 5*s. Suppose -8 = -s*l + 5*l. Determine v(l).
-11
Let l(z) = 6 - 4*z**2 + z - 2*z + 0*z. Let g(q) = 9*q**2 + 2*q - 13. Let i(k) = -3*g(k) - 7*l(k). Suppose 0 = 3*o + o. Determine i(o).
-3
Let i(v) = 9 + 3 - v - 8. Determine i(-6).
10
Let u(w) = -w**3 + 9*w**2 - w + 12. Let n be u(9). Let t(k) = n*k**2 - 18 - 3*k**2 + k**2 + 17. Calculate t(1).
0
Let x(c) = -c**2 + 2*c + 5. Let s(v) = 2*v. Let a(u) = -4 - 6*u + 4. Let k(m) = 3*a(m) + 8*s(m). Let l be k(-2). Determine x(l).
-3
Let z(j) = -14 + 29 - 15 - 2*j. What is z(-5)?
10
Let f(n) = n**3 + 11*n**2 + 10*n + 7. Let d be f(-10). Let a(z) = -z**2 + 8*z - 3. What is a(d)?
4
Suppose 6*l - 6 = 3*l. Let s(q) = -q**2 + 3*q + 2*q - 5 - 2*q**2 - 2*q**3. Let y(g) = g**3 + 2*g**2 - 3*g + 3. Let x(k) = 4*s(k) + 7*y(k). What is x(l)?
-1
Let v(t) = -3*t**3 + 10*t**2 - 9*t + 5. Let s(b) = b**3 - b**2 + 1. Let l(c) = -2*s(c) - v(c). Determine l(7).
7
Let f(i) = -i**2 + 3. Suppose 3*n - 1 = 5. Suppose -n*u + 3 = -0*j + j, 0 = -u. Calculate f(j).
-6
Let d(z) be the first derivative of z**3/3 - 5*z**2/2 - 3*z - 4. Let n = -11 - -16. Give d(n).
-3
Let s be (1 + 1/(-3))*-147. Let k be (-42)/s - (-20)/(-14). Let j(a) = a**3 + 1. Give j(k).
0
Let z(m) be the second derivative of m**3/6 + m**2 + 2*m. Let t be z(-2). Let x(v) = -1 - 4*v**2 + v + 0*v + t*v**2. What is x(1)?
-4
Let i(y) = -y**2 + 3*y - 6. Let c(p) = -7*p - 1. Let o be c(1). Let g = o + 12. Calculate i(g).
-10
Let x = -1 - -1. Let r(y) be the third derivative of y**6/120 - y**5/60 - y**4/24 - y**3/3 + 14*y**2. Determine r(x).
-2
Suppose -2*j + 0*j - 8 = 0. Let g(s) be the second derivative of s**4/12 - 2*s**2 - 10*s. Calculate g(j).
12
Let i(o) be the third derivative of -o**6/180 + o**5/60 - o**4/8 + 5*o**2. Let p(z) be the second derivative of i(z). Give p(4).
-14
Let v(f) = f**3 - 10*f**2. Let n be (-2)/(-2*(-1)/5). Let x(u) = u**3 - 11*u**2 - u + 1. Let r(b) = n*x(b) + 6*v(b). Let d be 4*1*9/9. Calculate r(d).
-1
Let s(m) = -2*m**2 - 4*m - 2. Suppose 0 = -2*o - v + 32, 2*o - v - 25 = 7. Suppose -o = -5*l - 6. Let x(c) = -c**3 + 2*c**2 - 2. Let y be x(l). Give s(y).
-2
Let s(m) = -7 - m + 0 + 7. Calculate s(-2)